 when 177998 is divided by 19776?
14
Calculate the remainder when 17054 is divided by 8509.
36
What is the remainder when 1691 is divided by 143?
118
Calculate the remainder when 397 is divided by 32.
13
What is the remainder when 8060 is divided by 384?
380
Calculate the remainder when 12058 is divided by 1456.
410
Calculate the remainder when 7972 is divided by 796.
12
Calculate the remainder when 499225 is divided by 32.
25
What is the remainder when 744 is divided by 14?
2
Calculate the remainder when 3513 is divided by 1734.
45
What is the remainder when 5484 is divided by 321?
27
What is the remainder when 583 is divided by 132?
55
What is the remainder when 1652 is divided by 71?
19
What is the remainder when 78133 is divided by 39026?
81
What is the remainder when 10722 is divided by 3?
0
What is the remainder when 29889 is divided by 3216?
945
Calculate the remainder when 133138 is divided by 170.
28
What is the remainder when 3264 is divided by 623?
149
Calculate the remainder when 2674990 is divided by 163.
160
What is the remainder when 2295 is divided by 14?
13
What is the remainder when 12524 is divided by 4173?
5
Calculate the remainder when 8724 is divided by 4344.
36
What is the remainder when 195256 is divided by 700?
656
What is the remainder when 73448 is divided by 14?
4
What is the remainder when 18203 is divided by 358?
303
What is the remainder when 2017341 is divided by 304?
301
What is the remainder when 1663587 is divided by 29?
2
Calculate the remainder when 611112 is divided by 108.
48
What is the remainder when 37080 is divided by 3708?
0
What is the remainder when 65738 is divided by 1494?
2
Calculate the remainder when 3649 is divided by 327.
52
What is the remainder when 24467 is divided by 16?
3
Calculate the remainder when 5988 is divided by 54.
48
What is the remainder when 13898 is divided by 774?
740
Calculate the remainder when 289833 is divided by 134.
125
Calculate the remainder when 4101 is divided by 2047.
7
What is the remainder when 35690 is divided by 892?
10
Calculate the remainder when 283 is divided by 69.
7
Calculate the remainder when 1547 is divided by 204.
119
What is the remainder when 46555 is divided by 160?
155
What is the remainder when 684 is divided by 127?
49
Calculate the remainder when 2748 is divided by 2727.
21
Calculate the remainder when 12188273 is divided by 521.
520
Calculate the remainder when 518107 is divided by 3955.
2
Calculate the remainder when 1231 is divided by 146.
63
Calculate the remainder when 8900 is divided by 592.
20
What is the remainder when 9228 is divided by 9080?
148
What is the remainder when 8441 is divided by 9?
8
Calculate the remainder when 121 is divided by 48.
25
What is the remainder when 2642 is divided by 1?
0
What is the remainder when 117999 is divided by 13?
11
Calculate the remainder when 3099457 is divided by 65.
62
What is the remainder when 12761 is divided by 20?
1
What is the remainder when 2079 is divided by 70?
49
What is the remainder when 297614 is divided by 418?
416
What is the remainder when 544 is divided by 27?
4
Calculate the remainder when 13482 is divided by 3370.
2
What is the remainder when 184712 is divided by 18?
14
What is the remainder when 3934689 is divided by 193?
191
Calculate the remainder when 90961 is divided by 45479.
3
Calculate the remainder when 181764 is divided by 161.
156
Calculate the remainder when 613 is divided by 201.
10
What is the remainder when 7959 is divided by 24?
15
Calculate the remainder when 56337 is divided by 56320.
17
Calculate the remainder when 12464 is divided by 692.
8
What is the remainder when 27815 is divided by 302?
31
What is the remainder when 1062 is divided by 239?
106
What is the remainder when 1095 is divided by 167?
93
What is the remainder when 7697 is divided by 5?
2
Calculate the remainder when 4113 is divided by 679.
39
Calculate the remainder when 4883 is divided by 11.
10
What is the remainder when 56209 is divided by 611?
608
Calculate the remainder when 352600 is divided by 2335.
15
What is the remainder when 14687 is divided by 17?
16
What is the remainder when 3764 is divided by 1821?
122
What is the remainder when 30830 is divided by 363?
338
Calculate the remainder when 4611 is divided by 22.
13
What is the remainder when 2280 is divided by 456?
0
What is the remainder when 16425 is divided by 1026?
9
What is the remainder when 3834 is divided by 1094?
552
Calculate the remainder when 8391 is divided by 1676.
11
What is the remainder when 4057 is divided by 333?
61
What is the remainder when 11466 is divided by 1311?
978
What is the remainder when 3498001 is divided by 201?
199
Calculate the remainder when 3648 is divided by 2312.
1336
Calculate the remainder when 5300 is divided by 6.
2
What is the remainder when 7381 is divided by 3582?
217
Calculate the remainder when 7984 is divided by 1301.
178
What is the remainder when 7020 is divided by 259?
27
What is the remainder when 23095 is divided by 70?
65
What is the remainder when 2644392 is divided by 923?
920
What is the remainder when 58027 is divided by 4139?
81
Calculate the remainder when 20927 is divided by 192.
191
Calculate the remainder when 9497 is divided by 59.
57
Calculate the remainder when 235261 is divided by 128.
125
What is the remainder when 104467 is divided by 62?
59
Calculate the remainder when 37177 is divided by 211.
41
What is the remainder when 407800 is divided by 1888?
1880
Calculate the remainder when 4319 is divided by 862.
9
What is the remainder when 2333 is divided by 644?
401
Calculate the remainder when 2703 is divided by 208.
207
Calculate the remainder when 390663 is divided by 8.
7
Calculate the remainder when 3405 is divided by 897.
714
What is the remainder when 7890 is divided by 1307?
48
What is the remainder when 177 is divided by 14?
9
Calculate the remainder when 5243 is divided by 21.
14
What is the remainder when 8076 is divided by 103?
42
What is the remainder when 3266 is divided by 78?
68
What is the remainder when 1799 is divided by 217?
63
What is the remainder when 467540 is divided by 33395?
10
Calculate the remainder when 343976 is divided by 4586.
26
Calculate the remainder when 2566 is divided by 696.
478
What is the remainder when 71611 is divided by 341?
1
What is the remainder when 41136 is divided by 122?
22
Calculate the remainder when 918 is divided by 248.
174
What is the remainder when 235 is divided by 48?
43
Calculate the remainder when 27304 is divided by 975.
4
What is the remainder when 93263 is divided by 15?
8
What is the remainder when 34338 is divided by 42?
24
What is the remainder when 16585 is divided by 1357?
301
Calculate the remainder when 3952 is divided by 231.
25
What is the remainder when 14924 is divided by 257?
18
Calculate the remainder when 45925 is divided by 233.
24
Calculate the remainder when 124242 is divided by 5.
2
What is the remainder when 10956 is divided by 159?
144
What is the remainder when 135321 is divided by 9661?
67
Calculate the remainder when 42411 is divided by 652.
31
Calculate the remainder when 321340 is divided by 51.
40
Calculate the remainder when 315740 is divided by 1049.
1040
What is the remainder when 2272 is divided by 726?
94
What is the remainder when 46644 is divided by 42?
24
Calculate the remainder when 2687 is divided by 24.
23
What is the remainder when 5475 is divided by 5473?
2
Calculate the remainder when 1275403 is divided by 18.
13
What is the remainder when 131710 is divided by 326?
6
Calculate the remainder when 559078 is divided by 72.
70
Calculate the remainder when 562 is divided by 562.
0
What is the remainder when 586 is divided by 45?
1
Calculate the remainder when 317534 is divided by 34.
8
What is the remainder when 15155 is divided by 265?
50
Calculate the remainder when 22478 is divided by 1506.
1394
Calculate the remainder when 93770 is divided by 613.
594
What is the remainder when 10208 is divided by 423?
56
What is the remainder when 50946 is divided by 25420?
106
What is the remainder when 14959 is divided by 1236?
127
Calculate the remainder when 27401 is divided by 154.
143
Calculate the remainder when 46693 is divided by 7773.
55
Calculate the remainder w